{"id":3507,"date":"2020-10-08T16:03:19","date_gmt":"2020-10-08T14:03:19","guid":{"rendered":"https:\/\/aas.xandit.de\/?page_id=3507"},"modified":"2021-07-28T16:25:05","modified_gmt":"2021-07-28T14:25:05","slug":"edv-it-security","status":"publish","type":"page","link":"https:\/\/aas-gmbh.de\/index.php\/edv-it-security\/","title":{"rendered":"EDV\/IT-Security"},"content":{"rendered":"<div id='layer_slider_1'  class='avia-layerslider main_color avia-shadow  avia-builder-el-0  el_before_av_image  avia-builder-el-first  container_wrap fullsize'  style='height: 356px; max-width: 1110px; margin: 0 auto;'  ><\/div><div id='after_layer_slider_1'  class='main_color av_default_container_wrap container_wrap fullsize'  ><div class='container av-section-cont-open' ><div class='template-page content  av-content-full alpha units'><div class='post-entry post-entry-type-page post-entry-3507'><div class='entry-content-wrapper clearfix'>\n\n<style type=\"text\/css\" id=\"style-css-av-khcar4tx-2be8144cc58ea02c4f601903ae6537a2\">\n.avia-image-container.av-khcar4tx-2be8144cc58ea02c4f601903ae6537a2 .av-image-caption-overlay-center{\ncolor:#ffffff;\n}\n<\/style>\n<div  class='avia-image-container av-khcar4tx-2be8144cc58ea02c4f601903ae6537a2 av-styling- avia-align-center  avia-builder-el-1  el_after_av_layerslider  el_before_av_hr  avia-builder-el-first  '  itemprop=\"image\" itemscope=\"itemscope\" itemtype=\"https:\/\/schema.org\/ImageObject\" ><div class=\"avia-image-container-inner\"><div class=\"avia-image-overlay-wrap\"><img class=\"wp-image-3941 avia-img-lazy-loading-not-3941 avia_image\" src=\"https:\/\/aas-gmbh.de\/wp-content\/uploads\/security2.png\" alt=\"\" title=\"security2\" height=\"254\" width=\"1030\" itemprop=\"thumbnailUrl\" srcset=\"https:\/\/aas-gmbh.de\/wp-content\/uploads\/security2.png 1030w, https:\/\/aas-gmbh.de\/wp-content\/uploads\/security2-300x74.png 300w, https:\/\/aas-gmbh.de\/wp-content\/uploads\/security2-768x189.png 768w, https:\/\/aas-gmbh.de\/wp-content\/uploads\/security2-705x174.png 705w\" sizes=\"(max-width: 1030px) 100vw, 1030px\"><\/div><\/div><\/div>\n<div  class='hr av-th8v7-e517a71ff37e0fd1bb76625870cd4b12 hr-default  avia-builder-el-2  el_after_av_image  el_before_av_one_half  '><span class='hr-inner '><span class=\"hr-inner-style\"><\/span><\/span><\/div>\n<div class='flex_column_table av-6hd4z7-44f5c115b698ee04cf563830eaa9bd84 sc-av_one_half av-equal-height-column-flextable'>\n<style type=\"text\/css\" id=\"style-css-av-6hd4z7-44f5c115b698ee04cf563830eaa9bd84\">\n#top .flex_column.av-6hd4z7-44f5c115b698ee04cf563830eaa9bd84{\nborder-radius:0px;\n-webkit-border-radius:0px;\n-moz-border-radius:0px;\npadding:0px;\n}\n<\/style>\n<div class='flex_column av-6hd4z7-44f5c115b698ee04cf563830eaa9bd84 av_one_half  avia-builder-el-3  el_after_av_hr  el_before_av_one_half  first flex_column_table_cell av-equal-height-column av-align-top av-zero-column-padding '   ><style type=\"text\/css\" id=\"style-css-av-4bakf7-a582785a364e231648b1b1a835625847\">\n#top .avia-gallery.av-4bakf7-a582785a364e231648b1b1a835625847 .avia-gallery-thumb a{\nwidth:20%;\n}\n<\/style>\n<div  class='avia-gallery av-4bakf7-a582785a364e231648b1b1a835625847 avia_animate_when_visible  avia-builder-el-4  avia-builder-el-no-sibling  avia_lazyload avia-gallery-animate  avia-gallery-1'  itemprop=\"image\" itemscope=\"itemscope\" itemtype=\"https:\/\/schema.org\/ImageObject\" ><a class='avia-gallery-big fakeLightbox lightbox avia-gallery-big-crop-thumb ' href=\"https:\/\/aas-gmbh.de\/wp-content\/uploads\/USG-XG-8_Top_Left_Angle-1030x448.png\" data-srcset=\"https:\/\/aas-gmbh.de\/wp-content\/uploads\/USG-XG-8_Top_Left_Angle-1030x448.png 1030w, https:\/\/aas-gmbh.de\/wp-content\/uploads\/USG-XG-8_Top_Left_Angle-300x130.png 300w, https:\/\/aas-gmbh.de\/wp-content\/uploads\/USG-XG-8_Top_Left_Angle-768x334.png 768w, https:\/\/aas-gmbh.de\/wp-content\/uploads\/USG-XG-8_Top_Left_Angle-1536x668.png 1536w, https:\/\/aas-gmbh.de\/wp-content\/uploads\/USG-XG-8_Top_Left_Angle-2048x890.png 2048w, https:\/\/aas-gmbh.de\/wp-content\/uploads\/USG-XG-8_Top_Left_Angle-1500x652.png 1500w, https:\/\/aas-gmbh.de\/wp-content\/uploads\/USG-XG-8_Top_Left_Angle-705x307.png 705w\" data-sizes=\"(max-width: 1030px) 100vw, 1030px\"  data-onclick='1' title='USG-XG-8_Top_Left_Angle' ><span class='avia-gallery-big-inner'  itemprop=\"thumbnailUrl\" ><img class=\"wp-image-3812 avia-img-lazy-loading-not-3812\" width=\"845\" height=\"684\" src=\"https:\/\/aas-gmbh.de\/wp-content\/uploads\/USG-XG-8_Top_Left_Angle-845x684.png\" title=\"USG-XG-8_Top_Left_Angle\" alt=\"\" srcset=\"https:\/\/aas-gmbh.de\/wp-content\/uploads\/USG-XG-8_Top_Left_Angle-845x684.png 845w, https:\/\/aas-gmbh.de\/wp-content\/uploads\/USG-XG-8_Top_Left_Angle-495x400.png 495w\" sizes=\"(max-width: 845px) 100vw, 845px\"><\/span><\/a><div class='avia-gallery-thumb'> <a href=\"https:\/\/aas-gmbh.de\/wp-content\/uploads\/USG-XG-8_Top_Left_Angle-1030x448.png\" data-srcset=\"https:\/\/aas-gmbh.de\/wp-content\/uploads\/USG-XG-8_Top_Left_Angle-1030x448.png 1030w, https:\/\/aas-gmbh.de\/wp-content\/uploads\/USG-XG-8_Top_Left_Angle-300x130.png 300w, https:\/\/aas-gmbh.de\/wp-content\/uploads\/USG-XG-8_Top_Left_Angle-768x334.png 768w, https:\/\/aas-gmbh.de\/wp-content\/uploads\/USG-XG-8_Top_Left_Angle-1536x668.png 1536w, https:\/\/aas-gmbh.de\/wp-content\/uploads\/USG-XG-8_Top_Left_Angle-2048x890.png 2048w, https:\/\/aas-gmbh.de\/wp-content\/uploads\/USG-XG-8_Top_Left_Angle-1500x652.png 1500w, https:\/\/aas-gmbh.de\/wp-content\/uploads\/USG-XG-8_Top_Left_Angle-705x307.png 705w\" data-sizes=\"(max-width: 1030px) 100vw, 1030px\" data-rel='gallery-1' data-prev-img='https:\/\/aas-gmbh.de\/wp-content\/uploads\/USG-XG-8_Top_Left_Angle-845x684.png' class='first_thumb lightbox ' data-onclick='1' title='USG-XG-8_Top_Left_Angle'  itemprop=\"thumbnailUrl\"  ><img class=\"wp-image-3812 avia-img-lazy-loading-not-3812\" src=\"https:\/\/aas-gmbh.de\/wp-content\/uploads\/USG-XG-8_Top_Left_Angle-80x80.png\" width=\"80\" height=\"80\" title=\"USG-XG-8_Top_Left_Angle\" alt=\"\" srcset=\"https:\/\/aas-gmbh.de\/wp-content\/uploads\/USG-XG-8_Top_Left_Angle-80x80.png 80w, https:\/\/aas-gmbh.de\/wp-content\/uploads\/USG-XG-8_Top_Left_Angle-36x36.png 36w, https:\/\/aas-gmbh.de\/wp-content\/uploads\/USG-XG-8_Top_Left_Angle-180x180.png 180w\" sizes=\"(max-width: 80px) 100vw, 80px\"><\/a> <a href=\"https:\/\/aas-gmbh.de\/wp-content\/uploads\/LBE-5AC-LR_Front_Angle-1030x894.png\" data-srcset=\"https:\/\/aas-gmbh.de\/wp-content\/uploads\/LBE-5AC-LR_Front_Angle-1030x894.png 1030w, https:\/\/aas-gmbh.de\/wp-content\/uploads\/LBE-5AC-LR_Front_Angle-300x261.png 300w, https:\/\/aas-gmbh.de\/wp-content\/uploads\/LBE-5AC-LR_Front_Angle-768x667.png 768w, https:\/\/aas-gmbh.de\/wp-content\/uploads\/LBE-5AC-LR_Front_Angle-1536x1334.png 1536w, https:\/\/aas-gmbh.de\/wp-content\/uploads\/LBE-5AC-LR_Front_Angle-2048x1778.png 2048w, https:\/\/aas-gmbh.de\/wp-content\/uploads\/LBE-5AC-LR_Front_Angle-1500x1303.png 1500w, https:\/\/aas-gmbh.de\/wp-content\/uploads\/LBE-5AC-LR_Front_Angle-705x612.png 705w\" data-sizes=\"(max-width: 1030px) 100vw, 1030px\" data-rel='gallery-1' data-prev-img='https:\/\/aas-gmbh.de\/wp-content\/uploads\/LBE-5AC-LR_Front_Angle-845x684.png' class='lightbox ' data-onclick='2' title='LBE-5AC-LR_Front_Angle'  itemprop=\"thumbnailUrl\"  ><img class=\"wp-image-3809 avia-img-lazy-loading-not-3809\" src=\"https:\/\/aas-gmbh.de\/wp-content\/uploads\/LBE-5AC-LR_Front_Angle-80x80.png\" width=\"80\" height=\"80\" title=\"LBE-5AC-LR_Front_Angle\" alt=\"\" srcset=\"https:\/\/aas-gmbh.de\/wp-content\/uploads\/LBE-5AC-LR_Front_Angle-80x80.png 80w, https:\/\/aas-gmbh.de\/wp-content\/uploads\/LBE-5AC-LR_Front_Angle-36x36.png 36w, https:\/\/aas-gmbh.de\/wp-content\/uploads\/LBE-5AC-LR_Front_Angle-180x180.png 180w\" sizes=\"(max-width: 80px) 100vw, 80px\"><\/a> <a href=\"https:\/\/aas-gmbh.de\/wp-content\/uploads\/UAP-AC-PRO_Front_Angle-1030x1030.png\" data-srcset=\"https:\/\/aas-gmbh.de\/wp-content\/uploads\/UAP-AC-PRO_Front_Angle-1030x1030.png 1030w, https:\/\/aas-gmbh.de\/wp-content\/uploads\/UAP-AC-PRO_Front_Angle-300x300.png 300w, https:\/\/aas-gmbh.de\/wp-content\/uploads\/UAP-AC-PRO_Front_Angle-80x80.png 80w, https:\/\/aas-gmbh.de\/wp-content\/uploads\/UAP-AC-PRO_Front_Angle-768x768.png 768w, https:\/\/aas-gmbh.de\/wp-content\/uploads\/UAP-AC-PRO_Front_Angle-1536x1536.png 1536w, https:\/\/aas-gmbh.de\/wp-content\/uploads\/UAP-AC-PRO_Front_Angle-2048x2048.png 2048w, https:\/\/aas-gmbh.de\/wp-content\/uploads\/UAP-AC-PRO_Front_Angle-36x36.png 36w, https:\/\/aas-gmbh.de\/wp-content\/uploads\/UAP-AC-PRO_Front_Angle-180x180.png 180w, https:\/\/aas-gmbh.de\/wp-content\/uploads\/UAP-AC-PRO_Front_Angle-1500x1500.png 1500w, https:\/\/aas-gmbh.de\/wp-content\/uploads\/UAP-AC-PRO_Front_Angle-705x705.png 705w\" data-sizes=\"(max-width: 1030px) 100vw, 1030px\" data-rel='gallery-1' data-prev-img='https:\/\/aas-gmbh.de\/wp-content\/uploads\/UAP-AC-PRO_Front_Angle-845x684.png' class='lightbox ' data-onclick='3' title='UAP-AC-PRO_Front_Angle'  itemprop=\"thumbnailUrl\"  ><img class=\"wp-image-3810 avia-img-lazy-loading-not-3810\" src=\"https:\/\/aas-gmbh.de\/wp-content\/uploads\/UAP-AC-PRO_Front_Angle-80x80.png\" width=\"80\" height=\"80\" title=\"UAP-AC-PRO_Front_Angle\" alt=\"\" srcset=\"https:\/\/aas-gmbh.de\/wp-content\/uploads\/UAP-AC-PRO_Front_Angle-80x80.png 80w, https:\/\/aas-gmbh.de\/wp-content\/uploads\/UAP-AC-PRO_Front_Angle-300x300.png 300w, https:\/\/aas-gmbh.de\/wp-content\/uploads\/UAP-AC-PRO_Front_Angle-1030x1030.png 1030w, https:\/\/aas-gmbh.de\/wp-content\/uploads\/UAP-AC-PRO_Front_Angle-768x768.png 768w, https:\/\/aas-gmbh.de\/wp-content\/uploads\/UAP-AC-PRO_Front_Angle-1536x1536.png 1536w, https:\/\/aas-gmbh.de\/wp-content\/uploads\/UAP-AC-PRO_Front_Angle-2048x2048.png 2048w, https:\/\/aas-gmbh.de\/wp-content\/uploads\/UAP-AC-PRO_Front_Angle-36x36.png 36w, https:\/\/aas-gmbh.de\/wp-content\/uploads\/UAP-AC-PRO_Front_Angle-180x180.png 180w, https:\/\/aas-gmbh.de\/wp-content\/uploads\/UAP-AC-PRO_Front_Angle-1500x1500.png 1500w, https:\/\/aas-gmbh.de\/wp-content\/uploads\/UAP-AC-PRO_Front_Angle-705x705.png 705w\" sizes=\"(max-width: 80px) 100vw, 80px\"><\/a> <a href=\"https:\/\/aas-gmbh.de\/wp-content\/uploads\/US-48-750W_Top_Angle-1030x361.png\" data-srcset=\"https:\/\/aas-gmbh.de\/wp-content\/uploads\/US-48-750W_Top_Angle-1030x361.png 1030w, https:\/\/aas-gmbh.de\/wp-content\/uploads\/US-48-750W_Top_Angle-300x105.png 300w, https:\/\/aas-gmbh.de\/wp-content\/uploads\/US-48-750W_Top_Angle-768x269.png 768w, https:\/\/aas-gmbh.de\/wp-content\/uploads\/US-48-750W_Top_Angle-1536x538.png 1536w, https:\/\/aas-gmbh.de\/wp-content\/uploads\/US-48-750W_Top_Angle-2048x717.png 2048w, https:\/\/aas-gmbh.de\/wp-content\/uploads\/US-48-750W_Top_Angle-1500x525.png 1500w, https:\/\/aas-gmbh.de\/wp-content\/uploads\/US-48-750W_Top_Angle-705x247.png 705w, https:\/\/aas-gmbh.de\/wp-content\/uploads\/US-48-750W_Top_Angle-1210x423.png 1210w\" data-sizes=\"(max-width: 1030px) 100vw, 1030px\" data-rel='gallery-1' data-prev-img='https:\/\/aas-gmbh.de\/wp-content\/uploads\/US-48-750W_Top_Angle-845x684.png' class='lightbox ' data-onclick='4' title='US-48-750W_Top_Angle'  itemprop=\"thumbnailUrl\"  ><img class=\"wp-image-3811 avia-img-lazy-loading-not-3811\" src=\"https:\/\/aas-gmbh.de\/wp-content\/uploads\/US-48-750W_Top_Angle-80x80.png\" width=\"80\" height=\"80\" title=\"US-48-750W_Top_Angle\" alt=\"\" srcset=\"https:\/\/aas-gmbh.de\/wp-content\/uploads\/US-48-750W_Top_Angle-80x80.png 80w, https:\/\/aas-gmbh.de\/wp-content\/uploads\/US-48-750W_Top_Angle-36x36.png 36w, https:\/\/aas-gmbh.de\/wp-content\/uploads\/US-48-750W_Top_Angle-180x180.png 180w\" sizes=\"(max-width: 80px) 100vw, 80px\"><\/a> <a href=\"https:\/\/aas-gmbh.de\/wp-content\/uploads\/cl660_sys_tr_ger.jpg\" data-srcset=\"https:\/\/aas-gmbh.de\/wp-content\/uploads\/cl660_sys_tr_ger.jpg 700w, https:\/\/aas-gmbh.de\/wp-content\/uploads\/cl660_sys_tr_ger-300x236.jpg 300w\" data-sizes=\"(max-width: 700px) 100vw, 700px\" data-rel='gallery-1' data-prev-img='https:\/\/aas-gmbh.de\/wp-content\/uploads\/cl660_sys_tr_ger.jpg' class='lightbox ' data-onclick='5' title='cl660_sys_tr_ger'  itemprop=\"thumbnailUrl\"  ><img class=\"wp-image-3814 avia-img-lazy-loading-not-3814\" src=\"https:\/\/aas-gmbh.de\/wp-content\/uploads\/cl660_sys_tr_ger-80x80.jpg\" width=\"80\" height=\"80\" title=\"cl660_sys_tr_ger\" alt=\"\" srcset=\"https:\/\/aas-gmbh.de\/wp-content\/uploads\/cl660_sys_tr_ger-80x80.jpg 80w, https:\/\/aas-gmbh.de\/wp-content\/uploads\/cl660_sys_tr_ger-36x36.jpg 36w, https:\/\/aas-gmbh.de\/wp-content\/uploads\/cl660_sys_tr_ger-180x180.jpg 180w\" sizes=\"(max-width: 80px) 100vw, 80px\"><\/a> <a href=\"https:\/\/aas-gmbh.de\/wp-content\/uploads\/ES_PURE_IP_20_IT_frei-1030x261.png\" data-srcset=\"https:\/\/aas-gmbh.de\/wp-content\/uploads\/ES_PURE_IP_20_IT_frei-1030x261.png 1030w, https:\/\/aas-gmbh.de\/wp-content\/uploads\/ES_PURE_IP_20_IT_frei-300x76.png 300w, https:\/\/aas-gmbh.de\/wp-content\/uploads\/ES_PURE_IP_20_IT_frei-768x195.png 768w, https:\/\/aas-gmbh.de\/wp-content\/uploads\/ES_PURE_IP_20_IT_frei-1536x389.png 1536w, https:\/\/aas-gmbh.de\/wp-content\/uploads\/ES_PURE_IP_20_IT_frei-1500x380.png 1500w, https:\/\/aas-gmbh.de\/wp-content\/uploads\/ES_PURE_IP_20_IT_frei-705x179.png 705w, https:\/\/aas-gmbh.de\/wp-content\/uploads\/ES_PURE_IP_20_IT_frei.png 1772w\" data-sizes=\"(max-width: 1030px) 100vw, 1030px\" data-rel='gallery-1' data-prev-img='https:\/\/aas-gmbh.de\/wp-content\/uploads\/ES_PURE_IP_20_IT_frei-845x449.png' class='first_thumb lightbox ' data-onclick='6' title='ES_PURE_IP_20_IT_frei'  itemprop=\"thumbnailUrl\"  ><img class=\"wp-image-3815 avia-img-lazy-loading-not-3815\" src=\"https:\/\/aas-gmbh.de\/wp-content\/uploads\/ES_PURE_IP_20_IT_frei-80x80.png\" width=\"80\" height=\"80\" title=\"ES_PURE_IP_20_IT_frei\" alt=\"\" srcset=\"https:\/\/aas-gmbh.de\/wp-content\/uploads\/ES_PURE_IP_20_IT_frei-80x80.png 80w, https:\/\/aas-gmbh.de\/wp-content\/uploads\/ES_PURE_IP_20_IT_frei-36x36.png 36w, https:\/\/aas-gmbh.de\/wp-content\/uploads\/ES_PURE_IP_20_IT_frei-180x180.png 180w\" sizes=\"(max-width: 80px) 100vw, 80px\"><\/a> <a href=\"https:\/\/aas-gmbh.de\/wp-content\/uploads\/SmartConnectBox.png\" data-srcset=\"https:\/\/aas-gmbh.de\/wp-content\/uploads\/SmartConnectBox.png 900w, https:\/\/aas-gmbh.de\/wp-content\/uploads\/SmartConnectBox-300x217.png 300w, https:\/\/aas-gmbh.de\/wp-content\/uploads\/SmartConnectBox-768x556.png 768w, https:\/\/aas-gmbh.de\/wp-content\/uploads\/SmartConnectBox-705x511.png 705w\" data-sizes=\"(max-width: 900px) 100vw, 900px\" data-rel='gallery-1' data-prev-img='https:\/\/aas-gmbh.de\/wp-content\/uploads\/SmartConnectBox-845x652.png' class='lightbox ' data-onclick='7' title='SmartConnectBox'  itemprop=\"thumbnailUrl\"  ><img class=\"wp-image-3816 avia-img-lazy-loading-not-3816\" src=\"https:\/\/aas-gmbh.de\/wp-content\/uploads\/SmartConnectBox-80x80.png\" width=\"80\" height=\"80\" title=\"SmartConnectBox\" alt=\"\" srcset=\"https:\/\/aas-gmbh.de\/wp-content\/uploads\/SmartConnectBox-80x80.png 80w, https:\/\/aas-gmbh.de\/wp-content\/uploads\/SmartConnectBox-36x36.png 36w, https:\/\/aas-gmbh.de\/wp-content\/uploads\/SmartConnectBox-180x180.png 180w\" sizes=\"(max-width: 80px) 100vw, 80px\"><\/a> <a href=\"https:\/\/aas-gmbh.de\/wp-content\/uploads\/ST56_Alle_Farben_Seite_3_klein-1030x325.png\" data-srcset=\"https:\/\/aas-gmbh.de\/wp-content\/uploads\/ST56_Alle_Farben_Seite_3_klein-1030x325.png 1030w, https:\/\/aas-gmbh.de\/wp-content\/uploads\/ST56_Alle_Farben_Seite_3_klein-300x95.png 300w, https:\/\/aas-gmbh.de\/wp-content\/uploads\/ST56_Alle_Farben_Seite_3_klein-768x243.png 768w, https:\/\/aas-gmbh.de\/wp-content\/uploads\/ST56_Alle_Farben_Seite_3_klein-705x223.png 705w, https:\/\/aas-gmbh.de\/wp-content\/uploads\/ST56_Alle_Farben_Seite_3_klein.png 1181w\" data-sizes=\"(max-width: 1030px) 100vw, 1030px\" data-rel='gallery-1' data-prev-img='https:\/\/aas-gmbh.de\/wp-content\/uploads\/ST56_Alle_Farben_Seite_3_klein-845x373.png' class='lightbox ' data-onclick='8' title='ST56_Alle_Farben_Seite_3_klein'  itemprop=\"thumbnailUrl\"  ><img class=\"wp-image-3817 avia-img-lazy-loading-not-3817\" src=\"https:\/\/aas-gmbh.de\/wp-content\/uploads\/ST56_Alle_Farben_Seite_3_klein-80x80.png\" width=\"80\" height=\"80\" title=\"ST56_Alle_Farben_Seite_3_klein\" alt=\"\" srcset=\"https:\/\/aas-gmbh.de\/wp-content\/uploads\/ST56_Alle_Farben_Seite_3_klein-80x80.png 80w, https:\/\/aas-gmbh.de\/wp-content\/uploads\/ST56_Alle_Farben_Seite_3_klein-36x36.png 36w, https:\/\/aas-gmbh.de\/wp-content\/uploads\/ST56_Alle_Farben_Seite_3_klein-180x180.png 180w\" sizes=\"(max-width: 80px) 100vw, 80px\"><\/a><\/div><\/div><\/div>\n<div class='av-flex-placeholder'><\/div>\n<style type=\"text\/css\" id=\"style-css-av-1vncgj-825cf8828f64b2d7a88c22e0ea1e37de\">\n#top .flex_column.av-1vncgj-825cf8828f64b2d7a88c22e0ea1e37de{\nborder-radius:0px;\n-webkit-border-radius:0px;\n-moz-border-radius:0px;\npadding:0px;\n}\n<\/style>\n<div class='flex_column av-1vncgj-825cf8828f64b2d7a88c22e0ea1e37de av_one_half  avia-builder-el-5  el_after_av_one_half  el_before_av_hr  flex_column_table_cell av-equal-height-column av-align-top av-zero-column-padding '   ><p>\n<style type=\"text\/css\" id=\"style-css-av-2s999f-51d689efb13d49fbbe0860e916fa83c4\">\n#top .av-special-heading.av-2s999f-51d689efb13d49fbbe0860e916fa83c4{\npadding-bottom:10px;\n}\n<\/style>\n<div  class='av-special-heading av-2s999f-51d689efb13d49fbbe0860e916fa83c4 av-special-heading-h3  avia-builder-el-6  el_before_av_textblock  avia-builder-el-first  '><h3 class='av-special-heading-tag '  itemprop=\"headline\"  >EDV\/IT-Security<\/h3><div class='special-heading-border'><div class='special-heading-inner-border'><\/div><\/div><\/div><br \/>\n<section class=\"av_textblock_section \"  itemscope=\"itemscope\" itemtype=\"https:\/\/schema.org\/CreativeWork\" ><div class='avia_textblock  '  style='font-size:16px; '  itemprop=\"text\" ><p>Unter IT-Sicherheit versteht man alle Planungen, Ma\u00dfnahmen und Kontrollen, die dem Schutz der IT dienen. Der Schutz der IT hat drei klassische Ziele: Die Vertraulichkeit der Informationen, die Integrit\u00e4t der Informationen und Systeme und die Verf\u00fcgbarkeit der Informationen und Systeme. Der Schutz der IT-Systeme vor Ausfall und die notwendige Belastbarkeit der IT-Systeme ist grundlegend f\u00fcr die Aufrechterhaltung des Betriebs<\/p>\n<p>In enger Zusammenarbeit mit Ihnen entwickeln wir optimale IT-Strukturen, orientieren uns dabei stark an Ihren Bed\u00fcrfnissen und helfen bei der gesamten Umsetzung und technischen Integration. Wir unterst\u00fctzen Sie beim Aufbau und der Erweiterung Ihrer IT-Infrastruktur mit hochwertigen Hardware- und Softwarel\u00f6sungen inklusive professioneller Installation, regelm\u00e4\u00dfiger Wartung und Support im Bedarfsfall.<\/p>\n<\/div><\/section><\/p><\/div><\/div><!--close column table wrapper. Autoclose: 1 -->\n<div  class='hr av-eazljb-19741ec133b6adf66271a952f44b7fb7 hr-default  avia-builder-el-8  el_after_av_one_half  el_before_av_one_full  '><span class='hr-inner '><span class=\"hr-inner-style\"><\/span><\/span><\/div>\n\n<style type=\"text\/css\" id=\"style-css-av-kgujgq8y-caeb774e2caf3bf22b4b9919c211c4a0\">\n#top .flex_column.av-kgujgq8y-caeb774e2caf3bf22b4b9919c211c4a0{\nborder-radius:0px;\n-webkit-border-radius:0px;\n-moz-border-radius:0px;\npadding:0px;\n}\n<\/style>\n<div class='flex_column av-kgujgq8y-caeb774e2caf3bf22b4b9919c211c4a0 av_one_full  avia-builder-el-9  el_after_av_hr  el_before_av_codeblock  first flex_column_div av-zero-column-padding '   ><div  class='avia-buttonrow-wrap av-khd52nme-99b1a15be4f8f2b4e7f8c184659fb035 avia-buttonrow-center  avia-builder-el-10  avia-builder-el-no-sibling  '>\n\n<style type=\"text\/css\" id=\"style-css-av-c7zmgn-e15b56ae71599146d56deb01bf5b97f5\">\n#top #wrap_all .avia-button.av-c7zmgn-e15b56ae71599146d56deb01bf5b97f5{\nmargin-bottom:5px;\nmargin-right:3px;\nmargin-left:3px;\n}\n<\/style>\n<a href='https:\/\/aas-gmbh.de\/index.php\/einbruchmeldeanlagen\/'  class='avia-button av-c7zmgn-e15b56ae71599146d56deb01bf5b97f5 avia-icon_select-no avia-size-small avia-color-theme-color'  ><span class='avia_iconbox_title' >Einbruchmeldeanlagen<\/span><\/a>\n\n<style type=\"text\/css\" id=\"style-css-av-akm2av-f1cfc37d1b9d40f8cba3e6869392a635\">\n#top #wrap_all .avia-button.av-akm2av-f1cfc37d1b9d40f8cba3e6869392a635{\nmargin-bottom:5px;\nmargin-right:3px;\nmargin-left:3px;\n}\n<\/style>\n<a href='https:\/\/aas-gmbh.de\/index.php\/videoanlagen\/'  class='avia-button av-akm2av-f1cfc37d1b9d40f8cba3e6869392a635 avia-icon_select-no avia-size-small avia-color-theme-color'  ><span class='avia_iconbox_title' >Videoanlagen<\/span><\/a>\n\n<style type=\"text\/css\" id=\"style-css-av-98wdvr-7862eb795b95ea2c738706c50567e504\">\n#top #wrap_all .avia-button.av-98wdvr-7862eb795b95ea2c738706c50567e504{\nmargin-bottom:5px;\nmargin-right:3px;\nmargin-left:3px;\n}\n<\/style>\n<a href='https:\/\/aas-gmbh.de\/index.php\/brandmeldeanlagen\/'  class='avia-button av-98wdvr-7862eb795b95ea2c738706c50567e504 avia-icon_select-no avia-size-small avia-color-theme-color'  ><span class='avia_iconbox_title' >Brandmeldeanlagen<\/span><\/a>\n\n<style type=\"text\/css\" id=\"style-css-av-7q7pyv-2f985e9a369ae8f6ae341904e3e5a818\">\n#top #wrap_all .avia-button.av-7q7pyv-2f985e9a369ae8f6ae341904e3e5a818{\nmargin-bottom:5px;\nmargin-right:3px;\nmargin-left:3px;\n}\n<\/style>\n<a href='https:\/\/aas-gmbh.de\/index.php\/edv-it-security\/'  class='avia-button av-7q7pyv-2f985e9a369ae8f6ae341904e3e5a818 avia-icon_select-no avia-size-small avia-color-theme-color'  ><span class='avia_iconbox_title' >EDV\/IT-Security<\/span><\/a>\n\n<style type=\"text\/css\" id=\"style-css-av-5wcblj-c09b1b084201028e2b4d862e46615a68\">\n#top #wrap_all .avia-button.av-5wcblj-c09b1b084201028e2b4d862e46615a68{\nmargin-bottom:5px;\nmargin-right:3px;\nmargin-left:3px;\n}\n<\/style>\n<a href='https:\/\/aas-gmbh.de\/index.php\/schliessanlagen\/'  class='avia-button av-5wcblj-c09b1b084201028e2b4d862e46615a68 avia-icon_select-no avia-size-small avia-color-theme-color'  ><span class='avia_iconbox_title' >Schlie\u00dfanlagen<\/span><\/a>\n\n<style type=\"text\/css\" id=\"style-css-av-4tln9j-12f2e7a508c657a9b1b4419a6cd43807\">\n#top #wrap_all .avia-button.av-4tln9j-12f2e7a508c657a9b1b4419a6cd43807{\nmargin-bottom:5px;\nmargin-right:3px;\nmargin-left:3px;\n}\n<\/style>\n<a href='https:\/\/aas-gmbh.de\/index.php\/zutrittskontrollanlagen\/'  class='avia-button av-4tln9j-12f2e7a508c657a9b1b4419a6cd43807 avia-icon_select-no avia-size-small avia-color-theme-color'  ><span class='avia_iconbox_title' >Zutrittskontrolle<\/span><\/a>\n\n<style type=\"text\/css\" id=\"style-css-av-1w8zrr-87f9062c32eca236eba5c10dffd6275a\">\n#top #wrap_all .avia-button.av-1w8zrr-87f9062c32eca236eba5c10dffd6275a{\nmargin-bottom:5px;\nmargin-right:3px;\nmargin-left:3px;\n}\n<\/style>\n<a href='https:\/\/aas-gmbh.de\/index.php\/tresore\/'  class='avia-button av-1w8zrr-87f9062c32eca236eba5c10dffd6275a avia-icon_select-no avia-size-small avia-color-theme-color'  ><span class='avia_iconbox_title' >Tresore<\/span><\/a>\n\n<style type=\"text\/css\" id=\"style-css-av-3iw6v7-f48f3346d13c691c15eff13156768a48\">\n#top #wrap_all .avia-button.av-3iw6v7-f48f3346d13c691c15eff13156768a48{\nmargin-bottom:5px;\nmargin-right:3px;\nmargin-left:3px;\n}\n<\/style>\n<a href='https:\/\/aas-gmbh.de\/index.php\/zeiterfassung\/'  class='avia-button av-3iw6v7-f48f3346d13c691c15eff13156768a48 avia-icon_select-no avia-size-small avia-color-theme-color'  ><span class='avia_iconbox_title' >Zeiterfassung<\/span><\/a>\n\n<style type=\"text\/css\" id=\"style-css-av-1yespf-f13c0ddd1f83aefa8698bd4c5d252d19\">\n#top #wrap_all .avia-button.av-1yespf-f13c0ddd1f83aefa8698bd4c5d252d19{\nmargin-bottom:5px;\nmargin-right:3px;\nmargin-left:3px;\n}\n<\/style>\n<a href='https:\/\/aas-gmbh.de\/index.php\/custom-made\/'  class='avia-button av-1yespf-f13c0ddd1f83aefa8698bd4c5d252d19 avia-icon_select-no avia-size-small avia-color-theme-color'  ><span class='avia_iconbox_title' >Custom made<\/span><\/a>\n<\/div><\/div>\n\n","protected":false},"excerpt":{"rendered":"","protected":false},"author":1,"featured_media":0,"parent":0,"menu_order":0,"comment_status":"closed","ping_status":"closed","template":"","meta":[],"_links":{"self":[{"href":"https:\/\/aas-gmbh.de\/index.php\/wp-json\/wp\/v2\/pages\/3507"}],"collection":[{"href":"https:\/\/aas-gmbh.de\/index.php\/wp-json\/wp\/v2\/pages"}],"about":[{"href":"https:\/\/aas-gmbh.de\/index.php\/wp-json\/wp\/v2\/types\/page"}],"author":[{"embeddable":true,"href":"https:\/\/aas-gmbh.de\/index.php\/wp-json\/wp\/v2\/users\/1"}],"replies":[{"embeddable":true,"href":"https:\/\/aas-gmbh.de\/index.php\/wp-json\/wp\/v2\/comments?post=3507"}],"version-history":[{"count":12,"href":"https:\/\/aas-gmbh.de\/index.php\/wp-json\/wp\/v2\/pages\/3507\/revisions"}],"predecessor-version":[{"id":4049,"href":"https:\/\/aas-gmbh.de\/index.php\/wp-json\/wp\/v2\/pages\/3507\/revisions\/4049"}],"wp:attachment":[{"href":"https:\/\/aas-gmbh.de\/index.php\/wp-json\/wp\/v2\/media?parent=3507"}],"curies":[{"name":"wp","href":"https:\/\/api.w.org\/{rel}","templated":true}]}}