{"id":3671,"date":"2020-11-10T12:01:05","date_gmt":"2020-11-10T11:01:05","guid":{"rendered":"https:\/\/aas.xandit.de\/?page_id=3671"},"modified":"2020-12-21T13:10:58","modified_gmt":"2020-12-21T12:10:58","slug":"installation","status":"publish","type":"page","link":"https:\/\/aas-gmbh.de\/index.php\/installation\/","title":{"rendered":"Installation"},"content":{"rendered":"<div id='layer_slider_1'  class='avia-layerslider main_color avia-shadow  avia-builder-el-0  el_before_av_hr  avia-builder-el-first  container_wrap fullsize'  style='height: 356px; max-width: 1115px; margin: 0 auto;'  ><\/div><div id='after_layer_slider_1'  class='main_color av_default_container_wrap container_wrap fullsize'  ><div class='container av-section-cont-open' ><div class='template-page content  av-content-full alpha units'><div class='post-entry post-entry-type-page post-entry-3671'><div class='entry-content-wrapper clearfix'>\n<div  class='hr av-9slmfb-264033a102d35eb999657aafb088a38e hr-default  avia-builder-el-1  el_after_av_layerslider  el_before_av_two_fifth  avia-builder-el-first  '><span class='hr-inner '><span class=\"hr-inner-style\"><\/span><\/span><\/div>\n\n<style type=\"text\/css\" id=\"style-css-av-776xbr-62ce87a304cc9c22c8359d7aa1528425\">\n#top .flex_column.av-776xbr-62ce87a304cc9c22c8359d7aa1528425{\nborder-radius:0px;\n-webkit-border-radius:0px;\n-moz-border-radius:0px;\npadding:0px;\n}\n<\/style>\n<div class='flex_column av-776xbr-62ce87a304cc9c22c8359d7aa1528425 av_two_fifth  avia-builder-el-2  el_after_av_hr  el_before_av_three_fifth  first flex_column_div av-zero-column-padding '   ><style type=\"text\/css\" id=\"style-css-av-khc7tph1-a7e7deb955bdd3f7dc922b71133c29b9\">\n.avia-image-container.av-khc7tph1-a7e7deb955bdd3f7dc922b71133c29b9 .av-image-caption-overlay-center{\ncolor:#ffffff;\n}\n<\/style>\n<div  class='avia-image-container av-khc7tph1-a7e7deb955bdd3f7dc922b71133c29b9 av-styling- avia-align-center  avia-builder-el-3  avia-builder-el-no-sibling  '  itemprop=\"image\" itemscope=\"itemscope\" itemtype=\"https:\/\/schema.org\/ImageObject\" ><div class=\"avia-image-container-inner\"><div class=\"avia-image-overlay-wrap\"><img class=\"wp-image-3891 avia-img-lazy-loading-not-3891 avia_image\" src=\"https:\/\/aas-gmbh.de\/wp-content\/uploads\/inst_one1.png\" alt=\"\" title=\"inst_one1\" height=\"911\" width=\"767\" itemprop=\"thumbnailUrl\" srcset=\"https:\/\/aas-gmbh.de\/wp-content\/uploads\/inst_one1.png 767w, https:\/\/aas-gmbh.de\/wp-content\/uploads\/inst_one1-253x300.png 253w, https:\/\/aas-gmbh.de\/wp-content\/uploads\/inst_one1-594x705.png 594w\" sizes=\"(max-width: 767px) 100vw, 767px\"><\/div><\/div><\/div><\/div>\n\n<style type=\"text\/css\" id=\"style-css-av-mgc1z-8748c736b28dbc46814cb85b46300ec8\">\n#top .flex_column.av-mgc1z-8748c736b28dbc46814cb85b46300ec8{\nborder-radius:0px;\n-webkit-border-radius:0px;\n-moz-border-radius:0px;\npadding:0px;\n}\n<\/style>\n<div class='flex_column av-mgc1z-8748c736b28dbc46814cb85b46300ec8 av_three_fifth  avia-builder-el-4  el_after_av_two_fifth  el_before_av_three_fifth  flex_column_div av-zero-column-padding '   ><p>\n<style type=\"text\/css\" id=\"style-css-av-326k1j-fbb13068a0a1c112c871985ae97647d6\">\n#top .av-special-heading.av-326k1j-fbb13068a0a1c112c871985ae97647d6{\npadding-bottom:10px;\n}\n<\/style>\n<div  class='av-special-heading av-326k1j-fbb13068a0a1c112c871985ae97647d6 av-special-heading-h3  avia-builder-el-5  el_before_av_textblock  avia-builder-el-first  '><h3 class='av-special-heading-tag '  itemprop=\"headline\"  >Installation<\/h3><div class='special-heading-border'><div class='special-heading-inner-border'><\/div><\/div><\/div><br \/>\n<section class=\"av_textblock_section \"  itemscope=\"itemscope\" itemtype=\"https:\/\/schema.org\/CreativeWork\" ><div class='avia_textblock  '  style='font-size:16px; '  itemprop=\"text\" ><p>Die Installation Ihres Sicherheitssystems erfolgt mit h\u00f6chster Professionalit\u00e4t.<\/p>\n<p>Vom ersten bis zum letzten Tag wird Ihr Projekt von ein- und demselben Team betreut.<\/p>\n<p>Unser Montageleiter h\u00e4lt w\u00e4hrend der Installationsphase st\u00e4ndig Kontakt mit Ihnen und informiert Sie \u00fcber Stand und Fortgang der Arbeiten.<\/p>\n<p>Fragen, die von Ihrer Seite, w\u00e4hrend der Installation auftreten sollten k\u00f6nnen in der Regel sofort vor Ort beantwortet werden.<\/p>\n<p>Vor der \u00dcbergabe an Sie, wird das komplette System von uns gr\u00fcndlich getestet.<\/p>\n<p>Zu diesem Zweck haben wir spezielle Pr\u00fcfprotokolle ausgearbeitet, die gleichzeitig als Grundlage f\u00fcr die Erstellung der technischen Anlagendokumentation dienen.<\/p>\n<p>Diese Dokumentation erhalten Sie nach Abnahme der Anlage.<\/p>\n<p>Bei der \u00dcbergabe nehmen wir uns viel Zeit um Ihnen alle Fragen zur Bedienung Ihrer Sicherheitsanlage zu beantworten.<\/p>\n<p>Unser Montageleiter erkl\u00e4rt Ihnen das System nicht nur theoretisch, sondern auch praktisch.<\/p>\n<p>Als Ged\u00e4chtnisst\u00fctze erhalten Sie dazu eine individuelle Betriebsanleitung, die speziell f\u00fcr Ihr Objekt, System und Ger\u00e4t erstellt wird.<\/p>\n<\/div><\/section><\/p><\/div>\n\n<style type=\"text\/css\" id=\"style-css-av-4bm57r-e21cbabccc2444a3cb10a0b0659ae635\">\n#top .flex_column.av-4bm57r-e21cbabccc2444a3cb10a0b0659ae635{\nborder-radius:0px;\n-webkit-border-radius:0px;\n-moz-border-radius:0px;\npadding:0px;\n}\n<\/style>\n<div class='flex_column av-4bm57r-e21cbabccc2444a3cb10a0b0659ae635 av_three_fifth  avia-builder-el-7  el_after_av_three_fifth  el_before_av_two_fifth  first flex_column_div av-zero-column-padding '   ><\/div>\n\n<style type=\"text\/css\" id=\"style-css-av-21vbuv-592575e05930f2bea39862f78f9bdba6\">\n#top .flex_column.av-21vbuv-592575e05930f2bea39862f78f9bdba6{\nborder-radius:0px;\n-webkit-border-radius:0px;\n-moz-border-radius:0px;\npadding:0px;\n}\n<\/style>\n<div class='flex_column av-21vbuv-592575e05930f2bea39862f78f9bdba6 av_two_fifth  avia-builder-el-8  el_after_av_three_fifth  el_before_av_codeblock  flex_column_div av-zero-column-padding '   ><style type=\"text\/css\" id=\"style-css-av-khc7u2jf-7f294d105bec9b31630f1d966c8e7842\">\n.avia-image-container.av-khc7u2jf-7f294d105bec9b31630f1d966c8e7842 .av-image-caption-overlay-center{\ncolor:#ffffff;\n}\n<\/style>\n<div  class='avia-image-container av-khc7u2jf-7f294d105bec9b31630f1d966c8e7842 av-styling- avia-align-center  avia-builder-el-9  avia-builder-el-no-sibling  '  itemprop=\"image\" itemscope=\"itemscope\" itemtype=\"https:\/\/schema.org\/ImageObject\" ><div class=\"avia-image-container-inner\"><div class=\"avia-image-overlay-wrap\"><img class=\"wp-image-3933 avia-img-lazy-loading-not-3933 avia_image\" src=\"https:\/\/aas-gmbh.de\/wp-content\/uploads\/inst_ueb.png\" alt=\"\" title=\"inst_ueb\" height=\"872\" width=\"762\" itemprop=\"thumbnailUrl\" srcset=\"https:\/\/aas-gmbh.de\/wp-content\/uploads\/inst_ueb.png 762w, https:\/\/aas-gmbh.de\/wp-content\/uploads\/inst_ueb-262x300.png 262w, https:\/\/aas-gmbh.de\/wp-content\/uploads\/inst_ueb-616x705.png 616w\" sizes=\"(max-width: 762px) 100vw, 762px\"><\/div><\/div><\/div><\/div><\/p>\n","protected":false},"excerpt":{"rendered":"","protected":false},"author":1,"featured_media":0,"parent":0,"menu_order":0,"comment_status":"closed","ping_status":"closed","template":"","meta":[],"_links":{"self":[{"href":"https:\/\/aas-gmbh.de\/index.php\/wp-json\/wp\/v2\/pages\/3671"}],"collection":[{"href":"https:\/\/aas-gmbh.de\/index.php\/wp-json\/wp\/v2\/pages"}],"about":[{"href":"https:\/\/aas-gmbh.de\/index.php\/wp-json\/wp\/v2\/types\/page"}],"author":[{"embeddable":true,"href":"https:\/\/aas-gmbh.de\/index.php\/wp-json\/wp\/v2\/users\/1"}],"replies":[{"embeddable":true,"href":"https:\/\/aas-gmbh.de\/index.php\/wp-json\/wp\/v2\/comments?post=3671"}],"version-history":[{"count":6,"href":"https:\/\/aas-gmbh.de\/index.php\/wp-json\/wp\/v2\/pages\/3671\/revisions"}],"predecessor-version":[{"id":3934,"href":"https:\/\/aas-gmbh.de\/index.php\/wp-json\/wp\/v2\/pages\/3671\/revisions\/3934"}],"wp:attachment":[{"href":"https:\/\/aas-gmbh.de\/index.php\/wp-json\/wp\/v2\/media?parent=3671"}],"curies":[{"name":"wp","href":"https:\/\/api.w.org\/{rel}","templated":true}]}}